 Suppose -5*z - 2*a = -50, -d*z + 3*a = -z - 50. What are the prime factors of z?
2, 5
Suppose k - 3*r = -4*r + 121, 2*r = -5*k + 599. What are the prime factors of k?
7, 17
Let o(k) = -k**2 - 7*k - 6. Let d be o(-4). Suppose 2*z - 15 - d = 3*c, 0 = -z - 2*c + 7. What are the prime factors of (-4)/(-6) + 21/z?
3
Let q(d) = -d + 11. Let k be q(0). Let h = -7 + k. Suppose 0 = -s + 2*o + 6, -4*s = h*o + 9 - 45. What are the prime factors of s?
2
Let c = 28 + -15. List the prime factors of c.
13
Let x(a) = a**3 - 3*a**2 + 4*a - 12. What are the prime factors of x(6)?
2, 3, 5
Suppose 0 = -5*k - 5, -7*k + 360 = 5*s - 2*k. List the prime factors of s.
73
Suppose 0 = -2*m + 3*t - 6*t - 28, 0 = 4*m - 3*t + 56. Let z = -4 - m. List the prime factors of z.
2, 5
Suppose o - 6*l - 9 = -l, 0 = o + l - 27. Suppose -3*g - o = g. What are the prime factors of 11 + (-3)/((-9)/g)?
3
Let i(f) = -f**2 + 2*f - 4. Let o be i(3). Let z = 11 + o. Suppose 79 = z*k + 3. List the prime factors of k.
19
Let q be (14/1)/2 - 3. Suppose -117 = -5*w - 5*z - 37, -q*w = z - 49. What are the prime factors of w?
11
Let h(d) = 81*d + 3. List the prime factors of h(1).
2, 3, 7
List the prime factors of (-10)/5 - 0 - -328.
2, 163
Let q(c) = 9 + 8*c - c**2 + 10 - 7. Suppose -y - 3*o - 2*o + 9 = 0, 5*o - 36 = -4*y. List the prime factors of q(y).
3
Suppose -48 = -4*a - 4. Let h = a - 9. What are the prime factors of h?
2
Suppose 3*n + 88 = 5*i, -n - 3*n = -16. Suppose 0*a - 37 = -o - 2*a, 4*a = -i. Let t = -32 + o. List the prime factors of t.
3, 5
Suppose 0 = -2*z - 5*n + 1, -4*z + 16 = -6*n + 2*n. Let p(l) = 6*l - 3. List the prime factors of p(z).
3, 5
Let c = -8 + 3. Let v = 7 + c. Let i = 1 + v. What are the prime factors of i?
3
Suppose 2*k - 7*k = -300. Suppose 2*f - 3*g = 38, k = 3*f - 3*g - 0*g. What are the prime factors of f?
2, 11
Suppose -4*q + 4*m = -1044, -5*q + 1155 = 3*m - 150. List the prime factors of q.
3, 29
Suppose -4*n + 25 = a, -4*a + 24 = -a - 5*n. What are the prime factors of a?
13
Let u = -5 - -2. Let q = 9 + u. What are the prime factors of (q/8)/((-4)/(-64))?
2, 3
Suppose 0 + 68 = 2*a. Suppose -4*b + 4*c + 6 = -a, b - 2*c - 15 = 0. What are the prime factors of b?
5
Suppose 2*h - 226 = 102. List the prime factors of h.
2, 41
Let u = 3 + 2. Suppose u*d - 154 = -34. List the prime factors of d.
2, 3
Suppose -204 = -3*i - i + 2*w, 5*i - 4*w - 249 = 0. What are the prime factors of i?
53
What are the prime factors of -4 + 63/(-6)*-6?
59
Let c = -96 - -185. List the prime factors of c.
89
Let p(g) = 3*g**2 - 9*g - 7. List the prime factors of p(7).
7, 11
Suppose 10 = 4*i - 2*l, 0 + 6 = 2*i - 2*l. What are the prime factors of 5/(1 - 0/i)?
5
Let q(y) = y**3 - 6*y**2 - 6*y - 4. Let f be q(7). Suppose -5*m - f*h = -75, -h - 2*h - 15 = 0. What are the prime factors of m?
2, 3
Let w = -3 - -5. Let d(l) = 3 - w - l**2 - 2 + 7*l. List the prime factors of d(3).
11
Suppose 3*j - 2*q = 1093, -4*q + 1301 = 5*j - 484. List the prime factors of j.
19
Let u(v) = -1. Let z(k) = k - 6. Let s(g) = -2*u(g) - z(g). Let x be s(8). Suppose -5*p + 20 = -x*p. List the prime factors of p.
2
Suppose 0 = -2*h + 2*l + 6, -2*h - 1 + 17 = 3*l. Suppose -4*x = h + 3. List the prime factors of x/(-3) - 64/(-12).
2, 3
Let v(j) = -j**3 + 2*j**2 + j + 1. Let k be v(3). Let t(b) = b**2 + 2*b - 6. List the prime factors of t(k).
3
What are the prime factors of 5/(-10)*1*-358?
179
Let n = -22 + 8. Let z be (n - -2)*6/8. Let u = 1 - z. List the prime factors of u.
2, 5
Let r = 19 - 29. Let z = -8 - r. What are the prime factors of z?
2
Suppose -5*g - y = y - 853, -4*y - 346 = -2*g. What are the prime factors of g?
3, 19
Let d(z) = z**2 - 9*z - 7. Let o be d(9). Let b = 35 - o. Suppose 3*r - 2*g + 5*g = 36, -2*g + b = 4*r. What are the prime factors of r?
3
Suppose 0 = -3*s + 2*s. Let u = 4 - s. Suppose -o + 17 = u. What are the prime factors of o?
13
Let w(a) = 34*a**2 + a - 1. Let m be w(1). Let p = m - 21. Suppose d = -0*d + p. List the prime factors of d.
13
Let d be 2/1*(0 - -1). Suppose -2*q - 1 = 7, p + d*q = -3. List the prime factors of p.
5
Let a(c) = c - 2. Let w be a(-8). Let p be (-1)/(w/(-6) + -2). Suppose -6 = -3*k, r - 2 = p*r - 4*k. What are the prime factors of r?
3
Suppose 106 = 2*p + 40. List the prime factors of p.
3, 11
Suppose 0 = 4*w - 206 - 62. List the prime factors of w.
67
Suppose -4*a - 8 = 4*g, g - 3*a - 6 = 2*g. Suppose g = -j + 7 + 3. What are the prime factors of j?
2, 5
Let i(z) = 2*z**2 + 15*z. Let r be i(-10). Let y = r - 14. What are the prime factors of y?
2, 3
Let v(n) = n**2 - 3*n + 6. Let l(m) = m**2 + m - 6. Let w be l(0). Let k be w/(-1)*(-2)/(-3). List the prime factors of v(k).
2, 5
Let x be (-5)/(-3) + (-3)/(-9). Suppose 5*l - 64 = l + 4*y, x*l - y - 36 = 0. What are the prime factors of l?
2, 5
Let v(g) = -g**2 + 7*g + 5. List the prime factors of v(7).
5
Let w = -11 - -11. Suppose 2*f + 6 = -2*i + 58, w = 3*f - 2*i - 73. List the prime factors of f.
5
Let t(q) = -q**3 - 2*q**2 + 5*q + 4. Let y be t(-3). Let u = 4 + y. Suppose 4*k - 6*k + u*x + 4 = 0, -4*k - 3*x = -22. What are the prime factors of k?
2
Suppose 2*k - 3 = 5*k. Let j(t) = -10*t - 1. What are the prime factors of j(k)?
3
Suppose 0 = -3*d + 30 + 39. List the prime factors of d.
23
Suppose 345 = 3*r + 3*w, 5*r + 2*w - 524 = 54. List the prime factors of r.
2, 29
Suppose -4*f = -3*u - 295, 3*f - 150 = 2*u + 71. What are the prime factors of f?
73
Let x(s) = 2*s**2 + 4*s + 1. Let z(v) = -v**2 - 4*v - 5. Let a be z(-4). Let u be x(a). Suppose 0 = -4*b + u + 13. List the prime factors of b.
11
Suppose 0 = -p + 3*o + 5, -p + 0 = o - 1. What are the prime factors of p?
2
Let w(c) = 9 + 4*c**3 + 1 + 8*c**2 - 6*c - 5*c**3. What are the prime factors of w(6)?
2, 23
Let y(h) = -3*h**3 + 8*h**2 - 6. Let s(b) = -b**3 + 4*b**2 - 3. Let f(p) = 5*s(p) - 2*y(p). Let g be f(-4). Let i = g + 11. List the prime factors of i.
2
Suppose -63 = -5*f + f - 3*x, 0 = 3*f + x - 41. Suppose 7*d - 4*d - f = 0. Suppose 0 = 2*u + 5*w - 35 + 15, d*w = -3*u + 23. What are the prime factors of u?
5
Let a(s) = -s**2 - 9*s - 1. Let p(f) = 2*f**2 + 19*f + 2. Let h(o) = -5*a(o) - 2*p(o). Let i be h(-7). List the prime factors of (-2)/(-1)*i*2.
2
Suppose 4*k - 140 = -k. Suppose -k = -5*d + 207. List the prime factors of d.
47
Let w(x) = 3*x**2 + 3*x + 6. Let n(p) = p**2 + p + 1. Let y(t) = 4*n(t) - w(t). Let b be y(0). List the prime factors of 3 + 5 - (b + 2).
2
What are the prime factors of (23/3 + (-4 - -5))*15?
2, 5, 13
Suppose -4*c + 21 = -c. Let k = c + -4. Suppose 5*n + y = 12, -k*n + 2*y + 22 = 7. What are the prime factors of n?
3
Suppose 0 = -d - 5*h + 6 - 1, 0 = 3*h - 6. Let p = -4 - d. List the prime factors of ((-4)/6)/(p/(-9)).
2, 3
Suppose -2*m = -2*t + m + 9, -t - m - 3 = 0. List the prime factors of 4/4 - (-16 + t).
17
Suppose 0 = -5*v - 4*y + 30, -2*v + 2*y - 14 = -4*v. Let x be (3/v)/((-3)/(-28)). Let t = x + -7. What are the prime factors of t?
7
Let l be (-2 - -3)/1*2. Suppose x = 1 + l. Suppose 11 = x*i - 16. List the prime factors of i.
3
Suppose -35 = -j + 6*j. Let a = j - -7. Suppose p + a*p - 14 = 0. What are the prime factors of p?
2, 7
Suppose 0 = 4*u + 8, 4*g - 2 = 2*g + 5*u. Let h be (8/(-6))/(g/12). Suppose -4*x + 3*f = -8, 0*x + 2*x = -h*f + 26. List the prime factors of x.
5
Let w = -1 - -3. Suppose 0 = 3*d - 3*p - 6, -w*p = 5*d - 0*p - 10. What are the prime factors of d/((-1)/((-15)/6))?
5
Let q(x) = 7*x**2 - x - 5. Let a(w) = -w**2 - w. Let z(i) = 2*a(i) + q(i). Let n be z(4). List the prime factors of (5/3)/(7/n).
3, 5
Let n be (8/(-12))/(2/9). List the prime factors of ((-14)/6 - n)*36.
2, 3
Let n(u) = -5*u**3 + 4*u + 3. Let f be n(-2). Suppose f - 10 = 5*r. List the prime factors of r.
5
Suppose 4 = 5*c - 6. Let r be (c/6)/(1/(-6)). What are the prime factors of 6/((-5)/4 - r)?
2
Suppose 2*q - 4 - 14 = 5*b, 2*b - 5*q + 3 = 0. Let h(y) = 2*y**2 - y + 3. What are the prime factors of h(b)?
3, 13
Let n be (18/4)/(15/40). Let c be n/4 - -1*2. Let r(m) = m**2 - 2*m - 7. What are the prime factors of r(c)?
2
Let x = -11 - -30. Suppose -y - 2*a + 15 = 0, 0 = -2*y + a + 31 + x. List the prime factors of y.
23
Suppose -2*j + 16 = -2*h, -2*j - 3 = 2*h + 9. List the prime factors of 16/2 + h + 6.